, 5*f + 25 = 0. Suppose -x*o = -13 + 127. Let b = 50 + o. What is the remainder when 34 is divided by b?
10
Let w = -153 - -290. Let f(o) = -o**3 + 25*o**2 + 85*o - 21. What is the remainder when w is divided by f(28)?
4
Let s = 259 + -125. Let o(m) = 151*m - 576. Calculate the remainder when s is divided by o(4).
22
Let u(z) = z**3 + 22*z**2 - 38*z - 699. What is the remainder when 1724 is divided by u(-20)?
2
Let t(z) = 1182*z + 184974. Let m(q) = -q + 45. What is the remainder when t(-156) is divided by m(0)?
42
Let c = 82 - 75. Suppose 134 - 424 = -10*t. What is the remainder when t is divided by c?
1
Let a be 6/(-9) + 1480/(-30). Let c = 9 - a. Calculate the remainder when 171 is divided by c.
53
Let h(s) = s**2 + s. Let u be h(0). Let m = 39 - u. Suppose -412*t = -451*t + 7566. Calculate the remainder when t is divided by m.
38
Let y be (-9)/(9/(-2)) + 3 - 0. Suppose 37 = 4*w + y. Calculate the remainder when 28 is divided by w.
4
Let j(v) = -15*v**3 + 2*v**2 + 3*v + 1. Let f be j(-1). Suppose f*c = -12*c + 135. What is the remainder when 7 is divided by c?
2
Let q = -13979 - -14085. Calculate the remainder when 2343 is divided by q.
11
Suppose 1130 = 32*g + 234. Suppose 5*o + 3*x - 63 = 0, -o - 1 + 0 = 4*x. Suppose 93 + o = w. What is the remainder when w is divided by g?
24
Suppose -246 = -18*q + 1482. What is the remainder when q is divided by 30?
6
Let w(v) = -v**2 + 38*v - 286. What is the remainder when w(15) is divided by -3 - -38 - (4 + -1)?
27
Let x(j) = -j**3 + j**2 + 12*j + 1. Let g be x(4). What is the remainder when (33/(-9))/(2/(-60)) is divided by (35/75 + g/5)*42?
26
Let o be (-2)/(-3)*(0 + 9/(-6)). What is the remainder when (135 + o)*(-11)/(-22) is divided by (3/(-12)*-26 + 2)*2?
16
Let l be 30/(-1)*75/(-18)*-3. Calculate the remainder when (l/(-20) - 5)*12 is divided by 56.
53
Suppose -4*k = -3*g - 381, 0*k - 4*g - 291 = -3*k. Suppose -2*p = -k - 49. Let a = 13 + 5. What is the remainder when p is divided by a?
17
Suppose -5*w + 71 = 2*x, -71*x = -w - 76*x + 28. Calculate the remainder when 521 is divided by w.
1
Let s = 766 - 743. What is the remainder when 2711 is divided by s?
20
Suppose -308 = -2*l - 3*d, 5*l - 4*d - 365 - 336 = 0. Calculate the remainder when 282 is divided by l.
137
Let j(q) = -3*q**2 - 28. Let s be j(3). Calculate the remainder when s + 277 + 18/(-2) is divided by 31.
27
Let x = 6476 - 6351. What is the remainder when 882 is divided by x?
7
Let s(c) be the first derivative of c**4/2 + 17*c**3/3 + 19*c**2/2 + 5*c - 49. Calculate the remainder when s(-6) is divided by 34.
3
Suppose 2*z - 73 - 83 = 0. Suppose -19*g + z = -93. Calculate the remainder when (-2 - -1 - -3)*13 is divided by g.
8
Calculate the remainder when 333 is divided by ((-344)/2)/(53 - 55).
75
Suppose 0 = -158*r - 45552 + 219036. What is the remainder when r is divided by 200?
98
Suppose -210 = 2*n - 7*n. Let u be (-10)/6 - (-28)/6. Suppose 3*j = -2*k + 10 + 8, 0 = u*j + 12. Calculate the remainder when n is divided by k.
12
Let v(o) = -80*o - 2. Let m be v(-1). Suppose -4 = -4*d, 2 = 2*p - 2*d - m. Let b = p - 35. What is the remainder when b is divided by 5?
1
Let w(g) = g + 2. Let f be w(4). Suppose -2*v - 573 = 5*k, -5*k - f - 579 = 5*v. Let u = 158 + k. Calculate the remainder when u is divided by 13.
6
Let k(g) = g**3 + g**2 - 19*g + 8. Let t be k(-5). Suppose -4*y - 5*m = -6*y + 64, 2*m = -t*y + 77. What is the remainder when 158 is divided by y?
23
Let h = 4198 - 3816. What is the remainder when h is divided by 123?
13
Suppose 1085*l = 1069*l + 1328. What is the remainder when 180 is divided by l?
14
What is the remainder when 189 is divided by 96/36*(-30)/(-8)?
9
Let l be 6 + 1/((-1)/375). Let d = l - -708. Calculate the remainder when d is divided by 10.
9
Let y(p) = 20*p - 113. Let b = -483 + 491. What is the remainder when 563 is divided by y(b)?
46
Suppose 0 = 2*n + 316 - 106. Let q = 108 + n. Calculate the remainder when 33 is divided by -5 + (-2 - -3) + q - -21.
13
Suppose 6*f = -823 + 2599. Suppose -2*j = -6*j + f. What is the remainder when j is divided by (-77)/(-5) - (-4)/(-10)?
14
Suppose 9 = 2*h - h. Suppose 4*l = 0, 8 = 2*j + 5*l - 8. Suppose j*o - 6 = 6*o. Calculate the remainder when h is divided by o.
0
Let y be (3 - 1)/((-2)/(-802)). Suppose -33*k - 43 + y = 0. What is the remainder when 161 is divided by k?
0
Let v(t) = 253*t**2 - 505*t + 1013. Calculate the remainder when v(2) is divided by 492.
31
Let k(f) = 14*f - 70. Let g be k(5). Suppose g = 8*x + 4*x - 96. What is the remainder when x is divided by 4?
0
Suppose 7*z - 146 = 547. Suppose 5*q = 10, 3*h - 12 = q + 31. Calculate the remainder when z is divided by h.
9
Let j(r) = -35*r**2 - 700*r + 7. What is the remainder when 2976 is divided by j(-20)?
1
Let g(l) = l**2 + 69*l + 208. What is the remainder when 535 is divided by g(-3)?
5
What is the remainder when (-4322)/(-8) + (-486)/(-72) + -6 is divided by 25?
16
Let q(h) = h + 17. Let b be q(-10). Let o = b - -10. Let d(t) = 4*t + 47. Calculate the remainder when d(9) is divided by o.
15
Let l = 30 + -25. Suppose l*r - 489 = 351. Suppose r = 2*b + 2*b. What is the remainder when 165 is divided by b?
39
Suppose -134 = -2*l + 4*d, 8*d - 13*d + 157 = 3*l. Suppose -4*q + 110 = q. What is the remainder when l is divided by q?
15
Suppose 0 = -4*i - 5*v, 0 = 4*v + v + 20. Suppose -2*d = -5*q - 17, i*d - 26 - 57 = -q. What is the remainder when 61 is divided by d?
13
Let s(d) be the first derivative of -3*d**2/2 + 62*d - 195. What is the remainder when 14 is divided by s(19)?
4
Suppose -4*c + 5*f - 8 - 9 = 0, -2*c - 3*f = -19. Suppose c*s + 2*s = 120. Suppose -3*m + s = -m. What is the remainder when 41 is divided by m?
11
Let i = 126 + -85. Let j = -33 + i. Suppose 0 = -3*k + 82 + 35. What is the remainder when k is divided by j?
7
Let d = 1380 + -1365. Calculate the remainder when 49 is divided by d.
4
Suppose 5*y - 292 = -3*d + 490, 4*y = 2*d - 492. What is the remainder when d is divided by 490/56 + -8 + (-114)/(-8)?
14
Suppose -5*z - 1429 + 9139 = m, -4*z + 4*m + 6192 = 0. Calculate the remainder when z is divided by 43.
38
Let i = -81 + 57. Let g be -14 + 11 - (i - 0). Suppose 0 = -2*p - g + 39. What is the remainder when 15 is divided by p?
6
Let b = -8910 - -11933. What is the remainder when b is divided by 24?
23
Let b = 3797 - 3474. Calculate the remainder when b is divided by 55.
48
Suppose 175 = 4*f - 29. Suppose -52*a = -f*a - 56. What is the remainder when a is divided by 29?
27
Suppose 2*p = -2*q + 138, 279*p - 274*p = 4*q + 318. What is the remainder when 291 is divided by p?
27
Let u(d) = d**3 + 13*d**2 + 27*d - 40. Let l = 6 - 2. What is the remainder when u(-8) is divided by 4*1*22/l?
20
Let m = 36254 - 35794. Calculate the remainder when m is divided by 63.
19
Suppose -25*x + 98 + 2 = 0. Suppose -2*u + 4*y = -362, -4*u + 306 + 398 = -x*y. What is the remainder when u is divided by 29?
26
Let i = -261 - -294. Suppose i*d - 336 = 21*d. What is the remainder when 47 is divided by d?
19
Let r(w) be the third derivative of 7*w**4/24 + w**3/2 + 133*w**2. Calculate the remainder when 28 is divided by r(1).
8
Let r(j) = 45*j - 627. What is the remainder when r(27) is divided by 205?
178
Suppose -7*k = -12*k + 2*h + 9, 2*h - 15 = -3*k. Suppose k*a - n = 2*n + 27, -8 = -a + 2*n. Calculate the remainder when a is divided by 6.
4
Suppose 6*x = -4*x + 670. Suppose 0 = 21*j - 185 - x. Calculate the remainder when 12 is divided by j.
0
Let l = -1786 - -3169. What is the remainder when l is divided by 22?
19
Let v = 347 + -329. Suppose 14*j = -5*l + v*j + 538, 428 = 4*l - 2*j. Calculate the remainder when l is divided by 36.
34
Let d(u) = u**3 - 69*u**2 + 71. Calculate the remainder when 345 is divided by d(69).
61
Calculate the remainder when (((-260)/3)/(-10))/((-1)/(-18)) is divided by 51.
3
Let u be 54/10 + -2 + 16/(-40). Suppose 0 = u*j - 3 - 147. Let t = j - 28. What is the remainder when 61 is divided by t?
17
Let q = 23274 - 23159. Calculate the remainder when 1351 is divided by q.
86
Suppose 2*q - 5*x - 288 = 0, -3*q - 37*x + 445 = -38*x. Calculate the remainder when q is divided by 55.
39
Suppose 4*g = -4*j + 2216, 5*j = -23*g + 24*g + 2722. What is the remainder when j is divided by 41